t common factor of 270 and 855?
45
What is the greatest common factor of 45 and 36?
9
Calculate the greatest common factor of 63 and 8442.
63
Calculate the greatest common divisor of 9010 and 17.
17
Calculate the greatest common factor of 4251 and 109.
109
Calculate the greatest common divisor of 946 and 99.
11
What is the highest common factor of 192 and 138?
6
Calculate the highest common factor of 1625 and 195.
65
What is the greatest common factor of 78 and 6?
6
Calculate the greatest common divisor of 22187 and 66.
11
Calculate the greatest common divisor of 336 and 126.
42
What is the highest common divisor of 975 and 663?
39
Calculate the highest common divisor of 10 and 281.
1
What is the highest common factor of 50 and 7160?
10
Calculate the highest common divisor of 1863 and 81.
81
Calculate the greatest common divisor of 2535 and 345.
15
What is the highest common factor of 6 and 357?
3
Calculate the highest common factor of 57 and 1919.
19
Calculate the greatest common factor of 33 and 363.
33
What is the greatest common factor of 561 and 66?
33
Calculate the highest common divisor of 7844 and 148.
148
What is the greatest common factor of 913 and 996?
83
What is the greatest common divisor of 584 and 16?
8
Calculate the highest common divisor of 36 and 192.
12
Calculate the greatest common factor of 1953 and 62.
31
Calculate the greatest common divisor of 851 and 46.
23
What is the greatest common divisor of 957 and 44?
11
Calculate the greatest common factor of 8 and 2.
2
What is the highest common factor of 13608 and 84?
84
Calculate the highest common factor of 7686 and 630.
126
Calculate the greatest common divisor of 4216 and 272.
136
What is the highest common factor of 12 and 3468?
12
Calculate the greatest common factor of 22 and 11.
11
Calculate the greatest common divisor of 3454 and 88.
22
What is the highest common factor of 32 and 128?
32
Calculate the greatest common factor of 682 and 451.
11
What is the greatest common divisor of 656 and 1845?
41
What is the greatest common divisor of 108 and 2016?
36
What is the highest common divisor of 15220 and 180?
20
Calculate the greatest common divisor of 29 and 2581.
29
What is the greatest common divisor of 272 and 17?
17
Calculate the greatest common divisor of 4240 and 64.
16
What is the highest common factor of 6 and 102?
6
What is the greatest common divisor of 68283 and 18?
9
Calculate the highest common divisor of 864 and 64.
32
What is the greatest common divisor of 35 and 119?
7
What is the highest common divisor of 4558 and 1204?
86
What is the greatest common factor of 318 and 106?
106
What is the greatest common divisor of 42 and 474?
6
What is the highest common factor of 135 and 3285?
45
What is the greatest common factor of 15 and 24015?
15
What is the highest common factor of 21 and 1183?
7
What is the highest common divisor of 46 and 28267?
23
Calculate the highest common divisor of 6417 and 690.
69
What is the highest common divisor of 15375 and 6?
3
What is the greatest common divisor of 10 and 5410?
10
Calculate the greatest common divisor of 12213 and 354.
177
What is the greatest common divisor of 198 and 72?
18
Calculate the highest common factor of 187 and 17.
17
Calculate the greatest common divisor of 1168 and 73.
73
What is the greatest common divisor of 40979 and 43?
43
Calculate the greatest common divisor of 2125 and 275.
25
Calculate the highest common factor of 21 and 42.
21
What is the highest common divisor of 93 and 10261?
31
Calculate the greatest common factor of 187 and 527.
17
Calculate the greatest common factor of 258 and 4386.
258
What is the greatest common divisor of 9085 and 158?
79
Calculate the highest common divisor of 15 and 1530.
15
What is the highest common factor of 26917 and 11?
11
What is the highest common divisor of 108 and 87588?
108
Calculate the highest common factor of 105 and 30.
15
Calculate the greatest common divisor of 8 and 1100.
4
Calculate the greatest common factor of 26 and 767.
13
Calculate the greatest common factor of 40 and 30.
10
Calculate the greatest common divisor of 58 and 725.
29
Calculate the highest common divisor of 40 and 6344.
8
Calculate the highest common divisor of 4 and 4.
4
What is the greatest common divisor of 24 and 3408?
24
Calculate the highest common factor of 29 and 12470.
29
Calculate the greatest common factor of 175 and 245.
35
What is the highest common divisor of 12 and 246?
6
Calculate the greatest common divisor of 204 and 272.
68
What is the greatest common factor of 138 and 24?
6
Calculate the highest common divisor of 6592 and 2884.
412
What is the highest common divisor of 24 and 204?
12
What is the highest common divisor of 18939 and 531?
177
Calculate the highest common factor of 96 and 336.
48
What is the greatest common divisor of 27158 and 74?
74
Calculate the highest common factor of 272 and 782.
34
Calculate the highest common factor of 29 and 29.
29
Calculate the highest common divisor of 28 and 4781.
7
What is the highest common divisor of 2233 and 77?
77
Calculate the highest common factor of 749 and 70.
7
What is the greatest common divisor of 54 and 8172?
18
Calculate the highest common factor of 486 and 108.
54
What is the greatest common factor of 30 and 555?
15
Calculate the highest common factor of 693 and 1008.
63
Calculate the highest common divisor of 10 and 965.
5
What is the greatest common factor of 225 and 2200?
25
What is the highest common divisor of 16 and 16784?
16
What is the highest common divisor of 19738 and 710?
142
Calculate the greatest common divisor of 762 and 6.
6
What is the greatest common divisor of 518 and 14?
14
What is the highest common divisor of 54 and 144?
18
Calculate the highest common factor of 6536 and 266.
38
What is the greatest common divisor of 145 and 29?
29
What is the greatest common factor of 3074 and 530?
106
Calculate the greatest common divisor of 70 and 112.
14
Calculate the highest common factor of 265 and 159.
53
Calculate the greatest common divisor of 180 and 315.
45
What is the greatest common factor of 2752 and 86?
86
Calculate the greatest common divisor of 204 and 11560.
68
Calculate the greatest common factor of 70 and 1190.
70
What is the highest common factor of 12 and 702?
6
What is the greatest common divisor of 142 and 92726?
142
Calculate the greatest common divisor of 61478 and 59.
59
Calculate the highest common factor of 3556 and 140.
28
What is the greatest common factor of 510 and 750?
30
What is the greatest common divisor of 1824 and 57?
57
Calculate the highest common divisor of 59 and 15989.
59
What is the greatest common divisor of 28 and 476?
28
What is the highest common divisor of 270 and 135?
135
Calculate the greatest common factor of 2576 and 112.
112
What is the greatest common divisor of 8 and 2776?
8
What is the greatest common factor of 50 and 90?
10
Calculate the highest common factor of 1264 and 16.
16
Calculate the greatest common factor of 16 and 328.
8
What is the greatest common divisor of 874 and 38?
38
What is the highest common factor of 146 and 26?
2
What is the greatest common divisor of 7 and 973?
7
Calculate the greatest common factor of 23 and 1817.
23
What is the highest common divisor of 210 and 15?
15
What is the highest common factor of 1 and 929?
1
What is the highest common factor of 35 and 651?
7
Calculate the highest common divisor of 45 and 1620.
45
What is the greatest common divisor of 915 and 180?
15
Calculate the highest common factor of 441 and 9.
9
What is the greatest common factor of 507 and 3?
3
What is the highest common divisor of 153 and 1343?
17
Calculate the greatest common divisor of 4137 and 483.
21
Calculate the highest common factor of 35 and 63.
7
Calculate the highest common divisor of 1912 and 1673.
239
Calculate the highest common factor of 540 and 324.
108
What is the greatest common factor of 799 and 235?
47
What is the greatest common divisor of 48 and 528?
48
Calculate the highest common divisor of 636 and 16.
4
What is the highest common factor of 703 and 148?
37
Calculate the greatest common factor of 546 and 7280.
182
Calculate the greatest common factor of 143 and 5863.
143
Calculate the greatest common factor of 